= r - g. List the prime factors of b.
2, 11
Let a(o) = 2*o**3 - 4*o**2 + 5*o - 4. Let p = -1 - -4. Let n be a(p). Let h = n + -8. What are the prime factors of h?
3, 7
Suppose -256*n = -258*n + 1008. List the prime factors of n.
2, 3, 7
Let t be (-7)/(-2)*12/14. Suppose w = -4*v + 297, -3*v + t*w = -0*v - 204. List the prime factors of v.
73
Suppose -36 = -q + 33. Let j = 124 - q. List the prime factors of j.
5, 11
Let c(g) = 31*g**3 + 3*g**2 - 4*g + 1. Let q = -71 - -72. What are the prime factors of c(q)?
31
Let d(i) be the third derivative of i**6/120 + i**5/60 + 13*i**3/6 - 86*i**2. Suppose -b + 4*s - 22 = -10, -3*b - 5*s = -15. What are the prime factors of d(b)?
13
Let d(r) = r + 12. Let n(i) = i**3 - 3*i**2 - 4*i + 4. Let o be n(4). Suppose 4*j + 2*f = -48, -j + 46 = -4*j - o*f. What are the prime factors of d(j)?
2
Let w(g) = g**2 - g + 1. Let r(f) = -5*f**2 + 15*f + 4. Let y(n) = r(n) + 6*w(n). Let b be y(-9). Suppose 212 = -6*i + b*i. What are the prime factors of i?
53
Let w(i) = -i**2 - 12*i - 15. Let b be w(-10). Suppose 2*o - 172 = -5*y + 98, -b*o + 2*y + 617 = 0. What are the prime factors of o?
5
Suppose -4*p + 9 = 1. Suppose -x - 2*k = p*x - 530, -4*k = x - 180. List the prime factors of x.
2, 11
Suppose 0 = 11*m - 10544 - 14547. What are the prime factors of m?
2281
Let b(v) = 2*v**2 + 2*v + 2. Let y be ((9/(-3))/6)/(3/(-30)). What are the prime factors of b(y)?
2, 31
Let i = -44 - -234. Suppose -3*t = -5*t + i. Suppose 2*d - 3*s - 15 = 0, 3*s - t = -5*d - s. List the prime factors of d.
3, 5
Suppose 7 = -j + 2*w - 5*w, -4*j - 5*w = 21. List the prime factors of (-60 + j - -2)/(-2).
31
Let k be ((-15)/6)/(1/2). Let b = k + 8. List the prime factors of (-12)/8*(-88)/b.
2, 11
Let d = 2296 - 1429. List the prime factors of d.
3, 17
Let g(f) = 1 + 4 - 2 + 2*f. Let k be g(4). Let s = k - -5. List the prime factors of s.
2
Let d be (-1)/(-4) + 1/(-4). Let i(a) = 4*a + 102. List the prime factors of i(d).
2, 3, 17
Let g = 6924 - 2251. What are the prime factors of g?
4673
Suppose -35 = -3*s - 2*m - 2*m, 0 = 4*s + 2*m - 30. Suppose 3*w - 96 = -u, -4*w + 4*u + s = -139. List the prime factors of w.
3, 11
Let n = 184 + -387. Let i = -105 - n. List the prime factors of i.
2, 7
Let p(z) = 9*z - 56. What are the prime factors of p(36)?
2, 67
Suppose 0 = -3*d, 3*d + 2850 = 4*i - 2*i. What are the prime factors of i/21 + (-3)/(-21)?
2, 17
Let z(l) = 13*l - 7. Let i(q) = -6*q + 3. Let o(w) = -9*i(w) - 4*z(w). Let g be o(6). List the prime factors of 0 + g + -1 + -1.
11
Let w(j) = 203*j**2. Let u be w(-1). Suppose 0 = -5*i - 37 - u. Let r = i + 67. What are the prime factors of r?
19
Suppose 1051*k - 1058*k = -19432. List the prime factors of k.
2, 347
List the prime factors of -8 - -4482 - (-2 + -7).
4483
Suppose -c = 2*c + 12, 2*s = -3*c. Suppose -3*j + 279 = s*j. What are the prime factors of j?
31
Suppose -760 = 4*c - 1980. What are the prime factors of c?
5, 61
Suppose -32*r - 54 = -566. List the prime factors of r.
2
Suppose -2*f = 404 - 2456. What are the prime factors of f?
2, 3, 19
Let h(d) = -10 + 3 - 6 - d. Let q be h(-9). Let b = -1 - q. What are the prime factors of b?
3
Suppose -y - 744 = -5*y. Suppose 3*j - y - 51 = 0. List the prime factors of j.
79
Let c(b) = -b**3 - 10*b**2 - 9*b - 12. Let k be c(-9). Let t be ((-18)/(-4) - -1)*k. Let p = t - -101. List the prime factors of p.
5, 7
Let i(q) = -q**3 + 17*q**2 + 65*q - 24. What are the prime factors of i(19)?
3, 163
Let b(q) = -10*q + 108. What are the prime factors of b(-25)?
2, 179
Let n(k) = -10*k**3 + 11*k**2 - 18*k - 83. List the prime factors of n(-6).
29, 89
Suppose -20*j + 23*j + 36 = 0. Let f be ((-18)/j)/(2/(-8)). List the prime factors of (5 - -1)*(-4)/f.
2
Let j = 47 - -536. What are the prime factors of j?
11, 53
Let a = -1295 - -2691. List the prime factors of a.
2, 349
Suppose 46*m - 48*m + 2652 = 0. What are the prime factors of m?
2, 3, 13, 17
Suppose 5*j = -g + j + 27, -2*j + 31 = 3*g. Let r be -3*-2*5/2. Let n = r - g. List the prime factors of n.
2
What are the prime factors of (4/(-8))/(19/(-58330))?
5, 307
Let o(h) = 75*h**2 + 40*h - 138. List the prime factors of o(4).
2, 13, 47
Let b(z) = -z**3 + 6*z**2 - 12*z - 8. Let q be b(6). Let p = q - -83. What are the prime factors of p?
3
Suppose r + 1 - 4 = 0. Suppose -r*z = x - 3, 7*x - 2*x = z + 47. What are the prime factors of 3*(1 - (-165)/x)?
2, 29
Suppose 245 = m + 4*g, 7*m - 3*m - 1040 = -4*g. What are the prime factors of m?
5, 53
Let u(i) = 28*i - 101. What are the prime factors of u(21)?
487
Let x(j) = 49*j**2 + 31*j + 64. What are the prime factors of x(-3)?
2, 103
Suppose -8 = 4*m, 0 = -5*n + n - 4*m + 2300. List the prime factors of n.
577
Let c(s) = s + 20. Let n(g) = -g - 20. Let d(t) = -4*c(t) - 5*n(t). List the prime factors of d(-6).
2, 7
Suppose 2*d - 4*i - 6 = 0, 5*d - 12 = -3*i + 3. Suppose -5*p = d*x - 830 - 164, -x = -3. List the prime factors of p.
197
Let y(b) = 2*b**2 - 13*b + 23. List the prime factors of y(10).
3, 31
Suppose 22*r = 19*r. Suppose r = n - 5*m - 225 + 13, -212 = -n - m. List the prime factors of n.
2, 53
Let b = -10 + 15. Suppose q + 112 = b*q. Suppose 5*f = 47 + q. What are the prime factors of f?
3, 5
Let y be -1 + 1/2*-4 - 35. Let q = 16 - y. What are the prime factors of q?
2, 3
Let c(q) = 18*q + 147. What are the prime factors of c(27)?
3, 211
Suppose 2514 = 3*z - 2*n, 2*n - 11 = -5. What are the prime factors of z?
2, 3, 5, 7
Let z = 126 - -9. What are the prime factors of z?
3, 5
What are the prime factors of 6*(-3)/(-63) - (-6921)/7?
23, 43
Let i(f) = 53*f**2 - 5*f + 18. What are the prime factors of i(3)?
2, 3, 5
Suppose 3*u - 51 = -0*u. Suppose 0 = -3*o - 15, -3*a - 3*o - u = -2*o. List the prime factors of 2/4 + (-86)/a.
2, 11
Suppose -20 = -2*h - 6*o + 2*o, -3*h - o = -10. Suppose 2*i = -h*i + 12. What are the prime factors of (20/3)/(i/18)?
2, 5
Let m(o) = 5*o - 1. Let b(j) = -j**2 - 5*j - 3. Let p be b(-4). Let v be m(p). Let i(q) = -q**2 + 11*q - 5. List the prime factors of i(v).
23
Let m(y) = -y + 6. Let d be m(4). Suppose -d + 7 = r. Suppose r*n - 96 - 49 = 0. List the prime factors of n.
29
Let q(y) = 4*y**3 + 7*y**2 - 8*y - 7. What are the prime factors of q(4)?
7, 47
Let p = 13 - 9. Suppose 19*f - 8 + 8 = 0. Suppose r - 2*h + 5*h - 33 = 0, f = -p*r - 4*h + 100. What are the prime factors of r?
3, 7
Let c = 1590 + 847. List the prime factors of c.
2437
Suppose n = -4*n. Suppose 0*h + 4*h - 5*b = 114, n = -2*h + 2*b + 58. What are the prime factors of h?
31
Let z be 8*2*(-1)/(-2). Suppose z*r - 10*r = -2574. What are the prime factors of r/55 + (-6)/(-10)?
2, 3
Suppose 4*w = -3*t + 55, 5*t = -0*t + 3*w + 111. Let h = 61 + t. List the prime factors of h.
2, 41
Suppose -1182 = 5*n - 2*q - 3081, 0 = 4*n + 5*q - 1506. What are the prime factors of n?
379
Suppose 8*f - 2*s - 3188 = 7*f, 3*f - 9570 = 4*s. List the prime factors of f.
2, 1597
Let a = -5 - -1. Let m be (-1)/a - 38/(-8). Suppose -d = -4*d - 12, m*d = r - 41. What are the prime factors of r?
3, 7
Suppose 479 = 7*y - 1733. What are the prime factors of y?
2, 79
Let n = 2 - 28. What are the prime factors of (n/(-6))/((-1)/(-15))?
5, 13
Suppose -4*l - 57 = 5*d, -3*d = -5*l - 34 + 9. Let p = l + 14. Let t(y) = 3*y - 8. List the prime factors of t(p).
2, 5
Suppose 110*w = 305428 + 219712. What are the prime factors of w?
2, 7, 11, 31
Suppose -49*r = -23*r - 35542. List the prime factors of r.
1367
Let v(r) = 2*r**3 - 5*r**2 + 5*r + 23. Let f(i) = i**3 - 2*i**2 + 2*i + 11. Let g(x) = -7*f(x) + 4*v(x). What are the prime factors of g(4)?
7
Suppose 2*d + 14 = 4*d - 4*p, d + p - 1 = 0. Suppose 8*a - 35 = d*a. Suppose -2*g = -a - 5. What are the prime factors of g?
2, 3
Suppose 0 = 5*r - 10*r + 145. Let q = 38 - r. Suppose 344 = -s + q*s. List the prime factors of s.
43
Let s(u) be the first derivative of 5*u**4/4 + 2*u**3/3 - u**2/2 + u + 7. Let x be s(-2). Let a = x - -52. What are the prime factors of a?
23
Suppose 0 = -5*p - 2*u - 40, 2*u = -p - 0*u - 16. Let h(z) = -8*z - 7. What are the prime factors of h(p)?
41
Suppose 9*y + 9 = 12*y. List the prime factors of y.
3
Suppose 0 = -9*d + 398 - 137. Suppose -4*u - 4*s + 15 - 3 = 0, -2*s - 8 = 0. Suppose c - d = -3*n + u*n, 5*c = -3*n + 53. What 